*i - 176. Let j be (-4)/10 - ((-2429)/35 - 6). Let r = o + j. List the prime factors of r.
2, 3, 5
Let w be 2 + (99 - (-5 + 2)). Suppose -2*h - w = -504. Suppose 4*o + 4*i - h = -o, 3*o - i = 120. What are the prime factors of o?
2, 5
Let d(i) = 3*i**2 - 90*i + 15. List the prime factors of d(38).
3, 103
Suppose 1396 = 3*l - 932. List the prime factors of l.
2, 97
Let p(u) = 2*u**3 + 2*u**2 - 2*u. Let y = 71 + -70. What are the prime factors of p(y)?
2
List the prime factors of 40/(-50) - 219/(-5).
43
Let l(z) = 7*z**2 - 6*z + 3. Let j(o) = -15*o**2 + 12*o - 7. Let y(p) = -6*j(p) - 13*l(p). Let s be y(5). What are the prime factors of (s/12)/(1/45)?
2, 3, 5
Suppose -5 + 13 = 2*r, 22 = 3*b + 4*r. What are the prime factors of (-1)/b - 138/(-4)?
2, 17
What are the prime factors of 259/(-2)*24/(-7)?
2, 3, 37
Suppose -16 = -4*o + 2*p, o + 18 = -4*p + 4. Let d = -30 - -32. Let y = o + d. What are the prime factors of y?
2
List the prime factors of -4 - -15 - 12 - (-538 - -2).
5, 107
List the prime factors of 23484/60 - 9/(-15).
2, 7
Let s = -834 + 1827. List the prime factors of s.
3, 331
Suppose -3*w + 2010 = -0*w - 5*t, 0 = 5*w + 2*t - 3350. List the prime factors of w.
2, 5, 67
Let p(o) = 22*o**2 + 10*o - 44. List the prime factors of p(5).
2, 139
List the prime factors of 383 + ((-18)/(-9) - (5 - 1)).
3, 127
Let h(f) = f - 6*f + 15*f + 19*f + 9. Let q be h(3). Let a = -31 + q. List the prime factors of a.
5, 13
Let c = -1164 + 2066. What are the prime factors of c?
2, 11, 41
Suppose -11 = -18*i + 17*i. Suppose i*z = 4*z + 1456. What are the prime factors of z?
2, 13
Suppose 152679 + 32805 = 78*i. What are the prime factors of i?
2, 29, 41
Suppose 0 = -a - 5*t - 20, 13 = 3*a - 5*t - 7. Suppose -q = q - u - 77, 3*q + 5*u - 148 = a. What are the prime factors of q?
41
Suppose 5*b - 4*b = -m + 420, -5*m - 4*b = -2099. List the prime factors of m.
419
Let k be (88/12)/((-2)/153) + 1. List the prime factors of k/(-6) + (-2)/(-3).
2, 47
Let d = 7 + -5. Suppose 4*o - d*t = o + 31, 2*o = 4*t + 26. List the prime factors of o.
3
Let n(a) = 258*a**2 + 3*a + 2. What are the prime factors of n(-1)?
257
Let c(x) = 5*x**2 + 14*x + 18. List the prime factors of c(-5).
73
Let k(i) = -i**3 - 6*i**2 - 5*i + 1. Let y be k(-4). Let z = -39 - y. Let w = z - -75. What are the prime factors of w?
47
Let h = 2353 - 1202. List the prime factors of h.
1151
Suppose 0 = -4*n + u + 17, n - 5*u = 22 + 6. What are the prime factors of (5 - n) + (21 - 2)?
3, 7
Suppose 5*n + 47 - 12 = 0. Let d(a) = -a - 8. Let y be d(n). List the prime factors of (-5 - y) + 20 + 2.
2, 3
Suppose 0 = -5*a + 5 - 15. Let q(o) = 5*o**2 - 2*o - 8. What are the prime factors of q(a)?
2
Suppose 4*s = z + 7, -3 = -5*z - 2*s + 28. Suppose -5*h + 6 = -x - 0, -x = 5*h - 24. List the prime factors of x/15 + 102/z.
3, 7
Let m(o) = -505*o**3 + o**2 - o. Let d be m(1). Suppose 10*q + 79 - 279 = 0. List the prime factors of (-1)/4 - d/q.
5
Suppose 20 - 60 = -5*m. Let q(j) = 7*j - 24. List the prime factors of q(m).
2
Let p(i) = 11*i + i**2 + 4*i**2 - 18 - 4*i**2 + 0*i. Let j be p(-11). Let b = 45 + j. List the prime factors of b.
3
Let h be (-2)/(-3) - 11/(-33). What are the prime factors of h/(-4*4/(-288))?
2, 3
Suppose 11*b - 21914 = -4886. List the prime factors of b.
2, 3, 43
Suppose 167 = -y - z, 835 = -5*y - 5*z + 3*z. Let p = y - -235. List the prime factors of p.
2, 17
Suppose -4*j = 4*o + 70 + 2, 15 = -5*o. Let g = j - -26. Let w(t) = 2*t + 5. What are the prime factors of w(g)?
3
Suppose -16 = j + 4*q, -j - 3*q = -0*q + 12. Suppose j = 6*z + 91 - 673. What are the prime factors of z?
97
Suppose 4*l - 48 = -28. Suppose -241 = -2*i - l*m - 78, 4*m - 158 = -2*i. List the prime factors of i.
3, 23
Let j be (-9)/15 - (-51)/(-15). What are the prime factors of (134/j)/(-1)*(-4 + 6)?
67
Suppose 7*b + 709 + 285 = 0. Let y = 249 + b. What are the prime factors of y?
107
Let r(u) = 7 + 0 + 1 - 3*u - 4*u + u**2. List the prime factors of r(9).
2, 13
Suppose -2*v + 0*v = 4*u - 38, 0 = u + 3*v + 3. Let g be 2/(-3) + 16/6. Suppose 0 = -z - 4*k + 15, 2*k = -g*k - u. What are the prime factors of z?
3
Let p(h) = h - 2*h + 6*h + 4. Let u be p(3). Let r = u - -10. List the prime factors of r.
29
Let j = 7 + 0. Suppose 48 = j*m - 6*m. Suppose 3*d - 5*n = 48, -d = d + 2*n - m. What are the prime factors of d?
3, 7
Let x be (-1)/(-3) + 595/51. Suppose x*r = 3*r + 819. List the prime factors of r.
7, 13
Suppose 0 = -u + 4 + 7. Suppose 0 = -y + 11 + u. Let i = 33 - y. List the prime factors of i.
11
Let f(a) = a**3 + 18*a**2 - 19*a - 2. Let w be f(-19). What are the prime factors of (6 - -1)*4*w/(-4)?
2, 7
Let u(r) = -15*r - 46. Let h be u(-21). Let i = h - -9. List the prime factors of i.
2, 139
Let j(z) be the third derivative of 5*z**4/24 - z**3/3 + 2*z**2. What are the prime factors of j(4)?
2, 3
Let q(a) = 3*a**2 + a - 13. List the prime factors of q(-6).
89
Let h be ((-6)/(-5))/(33/110). Let x(u) = 6*u**2 + 0*u + 13*u + 7 - h*u - 3*u**2. What are the prime factors of x(-6)?
61
Suppose -4*k + 7*k = -3*m - 27, 0 = -4*k - 4. Let c be -1*4/m*-4. What are the prime factors of (-1)/c - 399/(-14)?
29
Let h = 1815 + 2352. What are the prime factors of h?
3, 463
Let m(c) = c**2 + 7*c + 2. Let d be m(-6). Let p = 1 + 13. What are the prime factors of (p/(-3) - d)*-3?
2
Let u = 20 - 19. Let w be u/(1 - 0) + 22. Let z = 34 - w. List the prime factors of z.
11
Let m(j) = 138*j - 225. List the prime factors of m(15).
3, 5, 41
Let a = -44 - -59. What are the prime factors of 8/20 + 9/a - -106?
107
Let t = 21 - -205. List the prime factors of t.
2, 113
Let s(g) be the second derivative of -17*g**3/6 + 13*g**2 - 41*g. What are the prime factors of s(-3)?
7, 11
Suppose 920 = -7*s + 15*s. Suppose s + 135 = 2*m. List the prime factors of m.
5
Suppose -2*j + 4*a - 6*a = -12, -4*j - 6 = -2*a. What are the prime factors of 229*-1*(j + -2)?
229
Let v = 8047 - 3782. List the prime factors of ((-2)/(-3))/(v/(-855) + 5).
3, 19
Let u(l) = l**3 - 11*l**2 - 7*l + 6. Let g = 126 + -114. What are the prime factors of u(g)?
2, 3, 11
Let y = 210 - 137. Suppose -2*n = -5*n + 315. Let c = n - y. What are the prime factors of c?
2
Suppose 5*d - 8 = -23. What are the prime factors of -2 - (-3 + 6)/d*115?
113
Let r(l) = 5*l - 16. Suppose -14*o = 34 - 202. What are the prime factors of r(o)?
2, 11
Suppose -6*k + 7*k = 8. What are the prime factors of k?
2
Let g(o) = -2*o**2 - 2*o - 4. Let l be g(-4). What are the prime factors of ((-7)/l)/(2/1336)?
167
Let l(f) = -4*f**3 + 10*f**2 - 18*f - 49. List the prime factors of l(-8).
11, 23
Let u(o) = -o**3 + 7*o + 7. Let d(t) = -2*t**3 - t**2 + 15*t + 14. Let h(p) = -2*d(p) + 5*u(p). What are the prime factors of h(-3)?
37
Let i = -45 - 21. Let g = i - -151. List the prime factors of g.
5, 17
Suppose 14*d = 8*d + 528. Let f = d + 160. List the prime factors of f.
2, 31
Suppose 6*i = -11*i + 34. Let l(d) = 21*d**2 - 2*d + 1. Let y be l(1). Suppose -i*h + 0 = -y. List the prime factors of h.
2, 5
Suppose 0 = 92*l - 186559 - 3237. List the prime factors of l.
2063
Let k = 62 - 5. Suppose 3*h - d + 71 + k = 0, 4*h + d = -180. Let z = h + 72. List the prime factors of z.
2, 7
Suppose 3*q = -y + 853, -2*y = -q - y + 291. Suppose -2*s - m - q = -5*s, -4*m = 2*s - 214. What are the prime factors of s?
97
Suppose -6924 = -2*x - 2*j, 5*j - 2*j + 17310 = 5*x. What are the prime factors of x?
2, 3, 577
Let g be 2/((-1)/260*-4). Let o = g + -104. List the prime factors of o.
2, 13
Let m = -2 + 5. Suppose 0 = -5*a - 3*j + 64, -m*a - 5*j = -0*a - 32. List the prime factors of a.
2, 7
Let i = -44 + 70. Let y = -24 + i. What are the prime factors of y?
2
Suppose -36 + 1 = -f. List the prime factors of f + -2*(-6)/4.
2, 19
Let t be 520/(-247) + 4/38. List the prime factors of (t/(-3))/((-9)/(-1296)).
2, 3
Let b(n) = 36*n**2 - 12*n - 82. What are the prime factors of b(-6)?
2, 643
Suppose -w = -8*w + 987. Suppose -31 = -w*f + 140*f. What are the prime factors of f?
31
Let i(v) = -57*v - 277. List the prime factors of i(-33).
2, 401
Let r(k) = -10*k**2 + k**3 - 11 - 19*k**2 + 8*k + 21*k**2 + k. What are the prime factors of r(8)?
61
Let g = -164 - -308. Let l = g - -43. What are the prime factors of l?
11, 17
Let z(n) = -n - 4. 